{"id":6968,"date":"2026-03-16T14:48:04","date_gmt":"2026-03-16T17:48:04","guid":{"rendered":"https:\/\/www.ict.ufvjm.edu.br\/?page_id=6968"},"modified":"2026-03-16T16:13:05","modified_gmt":"2026-03-16T19:13:05","slug":"grupo-de-fenomenos-de-transporte-computacional-do-vale-do-jequitinhonha-fentransc","status":"publish","type":"page","link":"https:\/\/www.ict.ufvjm.edu.br\/?page_id=6968","title":{"rendered":"Grupo de Fen\u00f4menos de Transporte Computacional do Vale do Jequitinhonha (FenTransC)"},"content":{"rendered":"<div class=\"wp-block-image\">\n<figure class=\"aligncenter size-full\"><img loading=\"lazy\" decoding=\"async\" width=\"400\" height=\"112\" src=\"https:\/\/www.ict.ufvjm.edu.br\/wp-content\/uploads\/2026\/03\/logo.png\" alt=\"\" class=\"wp-image-6975\" srcset=\"https:\/\/www.ict.ufvjm.edu.br\/wp-content\/uploads\/2026\/03\/logo.png 400w, https:\/\/www.ict.ufvjm.edu.br\/wp-content\/uploads\/2026\/03\/logo-300x84.png 300w, https:\/\/www.ict.ufvjm.edu.br\/wp-content\/uploads\/2026\/03\/logo-100x28.png 100w\" sizes=\"auto, (max-width: 400px) 100vw, 400px\" \/><\/figure>\n<\/div>\n\n\n<p class=\"justify\"><em>O grupo de pesquisa Fen\u00f4menos de Transporte Computacional do Vale do Jequitinhonha (FenTransC) dedica-se ao desenvolvimento e aplica\u00e7\u00e3o de modelos matem\u00e1ticos e computacionais para a an\u00e1lise de fen\u00f4menos de transporte e problemas multif\u00edsicos. Atualmente, as atividades concentram-se em duas linhas de pesquisa: Tecnologias de produ\u00e7\u00e3o de carv\u00e3o vegetal e Modelagem multif\u00edsica e projeto de sistemas microflu\u00eddicos. Na \u00e1rea de produ\u00e7\u00e3o de carv\u00e3o vegetal, s\u00e3o aplicadas t\u00e9cnicas de din\u00e2mica dos fluidos computacional para simular transfer\u00eancia de calor e massa, combust\u00e3o e pir\u00f3lise em fornos, com o objetivo de aumentar a produtividade e a qualidade do produto, al\u00e9m de reduzir emiss\u00f5es de poluentes. Na \u00e1rea de microflu\u00eddica, emprega-se m\u00e9todos num\u00e9ricos na otimiza\u00e7\u00e3o de dispositivos para bioengenharia, investigando o acoplamento entre escoamento, transporte de esp\u00e9cies e resposta celular.<\/em><\/p>\n\n\n\n<p class=\"justify\"><em>Linhas de Pesquisa:<\/em><\/p>\n\n\n\n<ul class=\"wp-block-list\">\n<li class=\"justify\"><em>Tecnologias de produ\u00e7\u00e3o de carv\u00e3o vegeta: utiliza t\u00e9cnicas de din\u00e2mica dos fluidos computacional na modelagem e simula\u00e7\u00e3o de fen\u00f4menos de transfer\u00eancia de calor e massa, escoamento de fluidos, combust\u00e3o e pir\u00f3lise relacionados aos processos de produ\u00e7\u00e3o de carv\u00e3o vegetal, objetivando o aumento da produtividade e do rendimento gravim\u00e9trico de fornos, o controle da qualidade do carv\u00e3o vegetal e a redu\u00e7\u00e3o das emiss\u00f5es de gases de efeito estufa durante sua produ\u00e7\u00e3o.<\/em><\/li>\n\n\n\n<li class=\"justify\"><em>Modelagem multif\u00edsica e projeto de sistemas microflu\u00eddicos para bioengenharia: desenvolve modelos matem\u00e1ticos e computacionais para an\u00e1lise e projeto de sistemas microflu\u00eddicos aplicados \u00e0 bioengenharia. Fundamentada em fen\u00f4menos de transporte e modelagem multif\u00edsica, investiga o acoplamento entre escoamento, transporte de esp\u00e9cies e resposta celular. Utiliza m\u00e9todos num\u00e9ricos para otimizar dispositivos e apoiar aplica\u00e7\u00f5es biom\u00e9dicas e biotecnol\u00f3gicas.<\/em><\/li>\n<\/ul>\n\n\n\n<p><strong>Contato<\/strong><\/p>\n\n\n\n<i class=\"far fa-2x fa-envelope\"><\/i> <em>Thiago Parente Lima (<a href=\"mailto:thiago.parente@ufvjm.edu.br\" target=\"_blank\" rel=\"noreferrer noopener\">thiago.parente@ufvjm.edu.br<\/a>), Telefone 38 3532-1214, VoIp 8405<\/em><\/p>\n\n\n\n<i class=\"fas fa-2x fa-map-marker-alt\"><\/i> <em>Sala 251 \u2013 Pr\u00e9dio ICT. Campus JK \u2013 Rodovia MGT 367 \u2013 km 583, n\u00ba 5.000. Alto da Jacuba. Diamantina-MG. CEP: 39100-000.<\/em><\/p>\n","protected":false},"excerpt":{"rendered":"<p>O grupo de pesquisa Fen\u00f4menos de Transporte Computacional do Vale do Jequitinhonha (FenTransC) dedica-se ao desenvolvimento e aplica\u00e7\u00e3o de modelos matem\u00e1ticos e computacionais para a an\u00e1lise de fen\u00f4menos de transporte e problemas multif\u00edsicos. Atualmente, as atividades concentram-se em duas linhas de pesquisa: Tecnologias de produ\u00e7\u00e3o de carv\u00e3o vegetal e Modelagem multif\u00edsica e projeto de sistemas [&hellip;]<\/p>\n","protected":false},"author":4,"featured_media":0,"parent":332,"menu_order":160,"comment_status":"closed","ping_status":"closed","template":"","meta":{"_exactmetrics_skip_tracking":false,"_exactmetrics_sitenote_active":false,"_exactmetrics_sitenote_note":"","_exactmetrics_sitenote_category":0,"footnotes":""},"class_list":["post-6968","page","type-page","status-publish","hentry"],"_links":{"self":[{"href":"https:\/\/www.ict.ufvjm.edu.br\/index.php?rest_route=\/wp\/v2\/pages\/6968","targetHints":{"allow":["GET"]}}],"collection":[{"href":"https:\/\/www.ict.ufvjm.edu.br\/index.php?rest_route=\/wp\/v2\/pages"}],"about":[{"href":"https:\/\/www.ict.ufvjm.edu.br\/index.php?rest_route=\/wp\/v2\/types\/page"}],"author":[{"embeddable":true,"href":"https:\/\/www.ict.ufvjm.edu.br\/index.php?rest_route=\/wp\/v2\/users\/4"}],"replies":[{"embeddable":true,"href":"https:\/\/www.ict.ufvjm.edu.br\/index.php?rest_route=%2Fwp%2Fv2%2Fcomments&post=6968"}],"version-history":[{"count":4,"href":"https:\/\/www.ict.ufvjm.edu.br\/index.php?rest_route=\/wp\/v2\/pages\/6968\/revisions"}],"predecessor-version":[{"id":6976,"href":"https:\/\/www.ict.ufvjm.edu.br\/index.php?rest_route=\/wp\/v2\/pages\/6968\/revisions\/6976"}],"up":[{"embeddable":true,"href":"https:\/\/www.ict.ufvjm.edu.br\/index.php?rest_route=\/wp\/v2\/pages\/332"}],"wp:attachment":[{"href":"https:\/\/www.ict.ufvjm.edu.br\/index.php?rest_route=%2Fwp%2Fv2%2Fmedia&parent=6968"}],"curies":[{"name":"wp","href":"https:\/\/api.w.org\/{rel}","templated":true}]}}