{"id":4987,"date":"2023-03-21T09:25:22","date_gmt":"2023-03-21T12:25:22","guid":{"rendered":"https:\/\/www.ict.ufvjm.edu.br\/?page_id=4987"},"modified":"2023-04-03T12:51:38","modified_gmt":"2023-04-03T15:51:38","slug":"formularios-e-orientacoes","status":"publish","type":"page","link":"https:\/\/www.ict.ufvjm.edu.br\/?page_id=4987","title":{"rendered":"Formul\u00e1rios e Orienta\u00e7\u00f5es"},"content":{"rendered":"\n<p>Para discentes dos Cursos do ICT:<\/p>\n\n\n\n<ol class=\"wp-block-list\"><li><a rel=\"noreferrer noopener\" href=\"https:\/\/www.ict.ufvjm.edu.br\/wp-content\/uploads\/2023\/03\/01_Tutorial_para_Assinatura_Eletronica.pdf\" target=\"_blank\">Orienta\u00e7\u00f5es para Assinatura de Documentos Eletr\u00f4nicos;<\/a><\/li><li><a rel=\"noreferrer noopener\" href=\"https:\/\/www.ict.ufvjm.edu.br\/wp-content\/uploads\/2023\/03\/03_Orientacoes-para_Aproveitamento_de_Estudos.pdf\" target=\"_blank\">Orienta\u00e7\u00f5es para Aproveitamento de Estudos;<\/a><\/li><li><a rel=\"noreferrer noopener\" href=\"https:\/\/forms.gle\/ReAT8zeBY2x6pLjc8\" target=\"_blank\">Solicita\u00e7\u00e3o de Certificados de Monitoria;<\/a><\/li><li><a rel=\"noreferrer noopener\" href=\"https:\/\/forms.gle\/nhrShJJgsKCV9A33A\" target=\"_blank\">Solicita\u00e7\u00e3o de Declara\u00e7\u00e3o de Frequ\u00eancia;<\/a><\/li><li><a rel=\"noreferrer noopener\" href=\"https:\/\/forms.gle\/2qKV5M6VKV258Jz69\" target=\"_blank\">Solicita\u00e7\u00e3o de Reuni\u00e3o com a Coordena\u00e7\u00e3o do Curso;<\/a><\/li><li><a href=\"https:\/\/forms.gle\/Tb5W6ziCpMagdMR97\" target=\"_blank\" rel=\"noreferrer noopener\">Solicita\u00e7\u00e3o de Planos de Ensino;<\/a><\/li><li><a rel=\"noreferrer noopener\" href=\"https:\/\/www.ict.ufvjm.edu.br\/wp-content\/uploads\/2023\/03\/02_Orientacoes_para_Atividades_Complementares.pdf\" target=\"_blank\">Orienta\u00e7\u00f5es para Atividades Complementares;<\/a><\/li><li><a rel=\"noreferrer noopener\" href=\"https:\/\/www.ict.ufvjm.edu.br\/wp-content\/uploads\/2023\/03\/04_Orientacoes_para_Solicitacao_de_Declaracoes_de_TCC.pdf\" target=\"_blank\">Orienta\u00e7\u00f5es para Solicita\u00e7\u00e3o de Declara\u00e7\u00f5es de TCC.<\/a><\/li><\/ol>\n\n\n\n<p>Para discentes, professores, t\u00e9cnicos administrativos e comunidade externa:<\/p>\n\n\n\n<ol class=\"wp-block-list\"><li><a rel=\"noreferrer noopener\" href=\"https:\/\/forms.gle\/CEzXzU7aUmA1qShS9\" target=\"_blank\">Solicita\u00e7\u00e3o de Aprecia\u00e7\u00e3o de Assuntos ao Colegiado do Curso;<\/a><\/li><li><a rel=\"noreferrer noopener\" href=\"https:\/\/forms.gle\/UtDpn36zWXnrYtov5\" target=\"_blank\">Solicita\u00e7\u00e3o de Aprecia\u00e7\u00e3o de Assunto ao N\u00facleo Docente Estruturante &#8211; NDE;<\/a><\/li><li><a rel=\"noreferrer noopener\" href=\"https:\/\/forms.gle\/fHofD41b8C1vbEfRA\" target=\"_blank\">Solicita\u00e7\u00e3o de Documentos Diversos;<\/a><\/li><li><a rel=\"noreferrer noopener\" href=\"https:\/\/forms.gle\/i4uSY6S1K2fbi2k67\" target=\"_blank\">Solicita\u00e7\u00f5es Diversas;<\/a><\/li><li><a rel=\"noreferrer noopener\" href=\"https:\/\/www.ict.ufvjm.edu.br\/wp-content\/uploads\/2023\/03\/05_Orientacoes_para_Unidade_Curricular_Disciplina_Isolada.pdf\" target=\"_blank\">Orienta\u00e7\u00f5es para Solicita\u00e7\u00e3o de Disciplina Isolada.<\/a><\/li><\/ol>\n\n\n\n<p><\/p>\n","protected":false},"excerpt":{"rendered":"<p>Para discentes dos Cursos do ICT: Orienta\u00e7\u00f5es para Assinatura de Documentos Eletr\u00f4nicos; Orienta\u00e7\u00f5es para Aproveitamento de Estudos; Solicita\u00e7\u00e3o de Certificados de Monitoria; Solicita\u00e7\u00e3o de Declara\u00e7\u00e3o de Frequ\u00eancia; Solicita\u00e7\u00e3o de Reuni\u00e3o com a Coordena\u00e7\u00e3o do Curso; Solicita\u00e7\u00e3o de Planos de Ensino; Orienta\u00e7\u00f5es para Atividades Complementares; Orienta\u00e7\u00f5es para Solicita\u00e7\u00e3o de Declara\u00e7\u00f5es de TCC. Para discentes, professores, t\u00e9cnicos [&hellip;]<\/p>\n","protected":false},"author":3,"featured_media":0,"parent":172,"menu_order":0,"comment_status":"closed","ping_status":"closed","template":"","meta":{"_exactmetrics_skip_tracking":false,"_exactmetrics_sitenote_active":false,"_exactmetrics_sitenote_note":"","_exactmetrics_sitenote_category":0,"footnotes":""},"class_list":["post-4987","page","type-page","status-publish","hentry"],"_links":{"self":[{"href":"https:\/\/www.ict.ufvjm.edu.br\/index.php?rest_route=\/wp\/v2\/pages\/4987","targetHints":{"allow":["GET"]}}],"collection":[{"href":"https:\/\/www.ict.ufvjm.edu.br\/index.php?rest_route=\/wp\/v2\/pages"}],"about":[{"href":"https:\/\/www.ict.ufvjm.edu.br\/index.php?rest_route=\/wp\/v2\/types\/page"}],"author":[{"embeddable":true,"href":"https:\/\/www.ict.ufvjm.edu.br\/index.php?rest_route=\/wp\/v2\/users\/3"}],"replies":[{"embeddable":true,"href":"https:\/\/www.ict.ufvjm.edu.br\/index.php?rest_route=%2Fwp%2Fv2%2Fcomments&post=4987"}],"version-history":[{"count":6,"href":"https:\/\/www.ict.ufvjm.edu.br\/index.php?rest_route=\/wp\/v2\/pages\/4987\/revisions"}],"predecessor-version":[{"id":5018,"href":"https:\/\/www.ict.ufvjm.edu.br\/index.php?rest_route=\/wp\/v2\/pages\/4987\/revisions\/5018"}],"up":[{"embeddable":true,"href":"https:\/\/www.ict.ufvjm.edu.br\/index.php?rest_route=\/wp\/v2\/pages\/172"}],"wp:attachment":[{"href":"https:\/\/www.ict.ufvjm.edu.br\/index.php?rest_route=%2Fwp%2Fv2%2Fmedia&parent=4987"}],"curies":[{"name":"wp","href":"https:\/\/api.w.org\/{rel}","templated":true}]}}