{"id":235,"date":"2019-07-31T14:38:18","date_gmt":"2019-07-31T16:38:18","guid":{"rendered":"http:\/\/www4.ict.ufvjm.edu.br\/?page_id=235"},"modified":"2026-04-01T14:49:51","modified_gmt":"2026-04-01T17:49:51","slug":"engenharia-de-alimentos","status":"publish","type":"page","link":"https:\/\/www.ict.ufvjm.edu.br\/?page_id=235","title":{"rendered":"Engenharia de Alimentos"},"content":{"rendered":"\n<div align=\"right\">\n<span class=\"expandall\"><b>Expandir todos<\/b><\/span>\u2003\u2003\n<span class=\"collapseall\"><b>Recolher todos<\/b><\/span>\n<\/div>\n\n\n\n<hr class=\"wp-block-separator has-css-opacity\"\/>\n\n\n\n<figure class=\"wp-block-image\"><img loading=\"lazy\" decoding=\"async\" width=\"1024\" height=\"485\" src=\"https:\/\/www4.ict.ufvjm.edu.br\/wp-content\/uploads\/2019\/11\/20191105_083156-1024x485.jpg\" alt=\"\" class=\"wp-image-1878\" srcset=\"https:\/\/www.ict.ufvjm.edu.br\/wp-content\/uploads\/2019\/11\/20191105_083156-1024x485.jpg 1024w, https:\/\/www.ict.ufvjm.edu.br\/wp-content\/uploads\/2019\/11\/20191105_083156-300x142.jpg 300w, https:\/\/www.ict.ufvjm.edu.br\/wp-content\/uploads\/2019\/11\/20191105_083156-768x364.jpg 768w\" sizes=\"auto, (max-width: 1024px) 100vw, 1024px\" \/><\/figure>\n\n\n\n<p class=\"justify\">A Engenharia de Alimentos \u00e9 o ramo da engenharia que engloba todos os elementos relacionados \u00e0 industrializa\u00e7\u00e3o de alimentos, bebidas e ingredientes industriais, seja no desenvolvimento, fabrica\u00e7\u00e3o, conserva\u00e7\u00e3o, armazenamento, transporte e comercializa\u00e7\u00e3o destes produtos. Portanto, o Engenheiro com forma\u00e7\u00e3o nesta \u00e1rea ocupa-se da fabrica\u00e7\u00e3o, da conserva\u00e7\u00e3o, do armazenamento e do transporte de alimentos industrializados.&nbsp;A profiss\u00e3o de Engenheiro de Alimentos foi regulamentada atrav\u00e9s da lei n.5.194 de dezembro de 1966 e Resolu\u00e7\u00e3o 218 de 29\/06\/1973 do CONFEA. <br><br>O Engenheiro de alimentos trabalha ainda na minimiza\u00e7\u00e3o de custos de produ\u00e7\u00e3o, no desenvolvimento de novos produtos, na manuten\u00e7\u00e3o da qualidade, garantindo valor nutricional dos alimentos, seu sabor, sua cor e sua textura; desenvolve ainda tecnologias limpas e processos para aproveitamento de res\u00edduos.<br><br>O campo de atua\u00e7\u00e3o deste engenheiro vai desde ind\u00fastrias do setor aliment\u00edcio, como ind\u00fastrias de embalagens e aditivos, empresas de servi\u00e7os, \u00f3rg\u00e3os e institui\u00e7\u00f5es p\u00fablicas, al\u00e9m da possibilidade do profissional em trabalhar em consultorias.<br><br>O curso de engenharia de alimentos, portanto objetiva a forma\u00e7\u00e3o de um profissional multidisciplinar, apto a aperfei\u00e7oar a produ\u00e7\u00e3o agroindustrial, com minimiza\u00e7\u00e3o de custos, racionaliza\u00e7\u00e3o da produ\u00e7\u00e3o, valoriza\u00e7\u00e3o da biodiversidade do pa\u00eds al\u00e9m da agrega\u00e7\u00e3o de valor e melhoria de propriedades de alimentos e bebidas. <\/p>\n\n\n\n<span class=\"collapseomatic \" id=\"id6a04f0afd0a83\"  tabindex=\"0\" title=\"&lt;strong&gt;O Curso na UFVJM&lt;\/strong&gt;\"    ><strong>O Curso na UFVJM<\/strong><\/span><div id=\"target-id6a04f0afd0a83\" class=\"collapseomatic_content \">   <\/p>\n\n\n\n<p class=\"justify\">O curso de Gradua\u00e7\u00e3o em Engenharia de Alimentos foi autorizado pela Resolu\u00e7\u00e3o n\u00ba 29 do CONSU\/UFVJM, de 07 de novembro de 2008, na modalidade Bacharelado, tendo iniciado suas atividades no 1\u00ba semestre de 2012. O mesmo foi idealizado no contexto do Programa de Expans\u00e3o e Reestrutura\u00e7\u00e3o das Universidades Federais (REUNI), no qual a Universidade Federal dos Vales do Jequitinhonha e Mucuri (UFVJM) assumiu o compromisso de realizar as mudan\u00e7as de forma planejada e participativa, comprometendo-se com a excel\u00eancia da qualidade do ensino e assumindo o desafio de novas formas de apropria\u00e7\u00e3o e constru\u00e7\u00e3o do conhecimento. O curso de Engenharia de Alimentos da UFVJM desenvolve-se em dois ciclos: o primeiro corresponde \u00e0 forma\u00e7\u00e3o b\u00e1sica, atrav\u00e9s do Bacharelado Interdisciplinar em Ci\u00eancia e Tecnologia (BC&amp;T), com dura\u00e7\u00e3o de tr\u00eas anos. E o segundo ciclo dedicado \u00e0 forma\u00e7\u00e3o espec\u00edfica da na \u00e1rea de Engenharia de Alimentos, com dura\u00e7\u00e3o de dois anos.<br><br>Atualmente, o curso de Engenharia de Alimentos da UFVJM conta com 10 professores com forma\u00e7\u00e3o na \u00e1rea e todos com Doutorado em sua \u00e1rea de especializa\u00e7\u00e3o, obtido nas mais renomadas institui\u00e7\u00f5es do pa\u00eds, como UFLA (Universidade Federal de Lavras) e Unicamp (Universidade Estadual de Campinas), entre outros.<br><br>O Projeto Pedag\u00f3gico do curso foi elaborado visando oferecer uma elevada carga hor\u00e1ria de atividades pr\u00e1ticas laboratoriais, com o principal objetivo de preparar o aluno para a utiliza\u00e7\u00e3o das ferramentas e equipamentos de uso constante no meio profissional e na ind\u00fastria de alimentos. As atividades pr\u00e1ticas s\u00e3o oferecidas em grande parte do N\u00facleo de Disciplinas Profissionalizantes, como as Tecnologias de Leite e derivados, Carnes e derivados, Cereais e panifica\u00e7\u00e3o, Fermenta\u00e7\u00f5es, Vegetais, entre outras como Qu\u00edmica, Bioqu\u00edmica e An\u00e1lise de Alimentos, An\u00e1lise Sensorial, etc.<br><br>Atualmente, o curso disp\u00f5e de um pr\u00e9dio com novos laborat\u00f3rios, permitindo atender tanto a realiza\u00e7\u00e3o das atividades pr\u00e1ticas das disciplinas, como a participa\u00e7\u00e3o de acad\u00eamicos em projetos de inicia\u00e7\u00e3o cient\u00edfica, de pesquisa, extens\u00e3o e ainda o desenvolvimento de Trabalhos de Conclus\u00e3o de Curso.<br><br>O aluno do curso ainda pode integrar a Empresa J\u00fanior do Instituto de Ci\u00eancia e Tecnologia, para atuar em diversas \u00e1reas como empres\u00e1rio j\u00fanior e complementar sua forma\u00e7\u00e3o, al\u00e9m de desenvolver projetos na \u00e1rea de Engenharia de Alimentos visando propiciar o desenvolvimento tecnol\u00f3gico da Regi\u00e3o.<br><br>O curso \u00e9 respons\u00e1vel pelo evento cient\u00edfico intitulado \u201cJornada de Engenharia de Alimentos\u201d, organizado pelos Professores e Alunos da Engenharia de Alimentos, que em duas edi\u00e7\u00f5es apresentou um crescimento constante, com a participa\u00e7\u00e3o de palestrantes das mais renomadas empresas e institui\u00e7\u00f5es do pa\u00eds, al\u00e9m de participantes de diversas institui\u00e7\u00f5es brasileiras. \u00c9 importante ressaltar ainda que este evento conta com o apoio Institucional e da Fapemig, al\u00e9m de outros apoiadores e parceiros.<br><br>O curso de Engenharia de Alimentos ainda participa de diversos programas e conv\u00eanios internacionais, como Brafitec (Fran\u00e7a), Branetec (Holanda), Erasmus (Europa), Brascol (Col\u00f4mbia), entre outros, oferecendo ao acad\u00eamico a possibilidade de adquirir novas experi\u00eancias profissionais e ter a viv\u00eancia aplicada da sua futura profiss\u00e3o, ganhos de curr\u00edculo, e melhor forma\u00e7\u00e3o, comprometimento e responsabilidade com sua forma\u00e7\u00e3o profissional.<br><br>Alguns trabalhos desenvolvidos na Engenharia de Alimentos, com a participa\u00e7\u00e3o direta dos acad\u00eamicos, foram reconhecidos em diversas premia\u00e7\u00f5es de renome na \u00e1rea, como men\u00e7\u00f5es nos pr\u00eamios Henri Nestl\u00e9, Santander e Feicintec (organizado pelo CREA-MG), entre outros.<br><br>Al\u00e9m disso, atualmente, este pode ser considerado como o \u00fanico curso de Engenharia de Alimentos do Brasil a receber m\u00e1xima (Nota 5) no ENADE (Exame Nacional de Desempenho dos Estudantes), trazendo reconhecimento e notoriedade ao curso de Engenharia de Alimentos da UFVJM. <br><br>A Engenharia de Alimentos ainda \u00e9 respons\u00e1vel pelo Programa de Mestrado em Ci\u00eancia e Tecnologia de Alimentos, sendo uma importante op\u00e7\u00e3o profissional para os acad\u00eamicos da \u00e1rea.  &nbsp;&nbsp;&nbsp;&nbsp;&nbsp;&nbsp;&nbsp;&nbsp;&nbsp;&nbsp;&nbsp;&nbsp;&nbsp;&nbsp;  <\/p>\n\n\n\n<p>  <\/div>\n\n\n\n<p><\/p>\n\n\n\n<span class=\"collapseomatic \" id=\"id6a04f0afd0bf6\"  tabindex=\"0\" title=\"&lt;strong&gt;Mercado de Trabalho&lt;\/strong&gt;\"    ><strong>Mercado de Trabalho<\/strong><\/span><div id=\"target-id6a04f0afd0bf6\" class=\"collapseomatic_content \">    <\/p>\n\n\n\n<p class=\"justify\"> O mercado de trabalho para o Engenheiro de Alimentos est\u00e1 em expans\u00e3o, devido \u00e0 crescente procura por novos alimentos e bebidas, com tend\u00eancias que v\u00e3o desde produtos prontos para o consumo, produtos <em>gourme<\/em>t, alimentos individualizados, alimentos que tragam benef\u00edcios para a sa\u00fade, enriquecidos ou isentos de algum componente at\u00e9 os alimentos que sejam sustent\u00e1veis.<br><br>Os principais locais de atua\u00e7\u00e3o do engenheiro de alimentos s\u00e3o: Ind\u00fastria de alimentos (de origem animal e vegetal) e bebidas; Ind\u00fastrias de embalagens, aditivos e equipamentos; Empresas de fast food; \u00d3rg\u00e3os Governamentais; Segmento acad\u00eamico; Setor de marketing e vendas; Consultoria t\u00e9cnica; Laborat\u00f3rios de an\u00e1lises quimica e microbiologica de alimentos. &nbsp;&nbsp;&nbsp;&nbsp;&nbsp;&nbsp;&nbsp;&nbsp;&nbsp;&nbsp;&nbsp;&nbsp;&nbsp;&nbsp; <\/p>\n\n\n\n<p>\n\n<\/div>\n\n\n\n<p><\/p>\n\n\n\n<span class=\"collapseomatic \" id=\"id6a04f0afd0d00\"  tabindex=\"0\" title=\"&lt;strong&gt;Perfil Profissional&lt;\/strong&gt;\"    ><strong>Perfil Profissional<\/strong><\/span><div id=\"target-id6a04f0afd0d00\" class=\"collapseomatic_content \"> <\/p>\n\n\n\n<p class=\"justify\">O Engenheiro de Alimentos \u00e9 um profissional multidisciplinar, capaz de dominar as diversas tecnologias de processamento e conserva\u00e7\u00e3o de alimentos e bebidas, desde a sele\u00e7\u00e3o de mat\u00e9rias-primas de origem animal e vegetal at\u00e9 as fases de produ\u00e7\u00e3o, desenvolvimento, preserva\u00e7\u00e3o, acondicionamento e distribui\u00e7\u00e3o.<br><br>Dentro da ind\u00fastria de alimentos e bebidas, por exemplo, este profissional pode atuar em diversos setores, como: <\/p>\n\n\n\n<ul class=\"wp-block-list justify\">\n<li><strong>Produ\u00e7\u00e3o e processos:<\/strong> Atuando na racionaliza\u00e7\u00e3o e melhoria de processos, equipamentos e fluxos para incremento da qualidade e produtividade e para redu\u00e7\u00e3o dos custos industriais.<\/li>\n\n\n\n<li><strong>Controle de qualidade:<\/strong> Determina\u00e7\u00e3o dos padr\u00f5es de qualidade desde a mat\u00e9ria-prima at\u00e9 o transporte do produto final, an\u00e1lises, monitoramento da qualidade como rotina operacional.<\/li>\n\n\n\n<li><strong>Desenvolvimento de produtos:<\/strong> Desenvolvimento de produtos e tecnologias com o objetivo de atingir novos mercados, redu\u00e7\u00e3o de desperd\u00edcios, reutiliza\u00e7\u00e3o de subprodutos e aproveitamento de recursos naturais dispon\u00edveis.<\/li>\n\n\n\n<li><strong>Desenvolvimento de projetos:<\/strong> Planejamento, execu\u00e7\u00e3o e implanta\u00e7\u00e3o de projetos de unidades de processamento e estudo de viabilidade econ\u00f4mica.<\/li>\n\n\n\n<li><strong>Comercial\/marketing:<\/strong> Utiliza\u00e7\u00e3o do conhecimento t\u00e9cnico como diferencial de marketing na prospec\u00e7\u00e3o e abertura de mercados, na assist\u00eancia t\u00e9cnica, no desenvolvimento de produtos junto aos clientes e apoio \u00e0 \u00e1rea de vendas.<\/li>\n\n\n\n<li><strong>Fiscaliza\u00e7\u00e3o de alimentos e bebidas:<\/strong> Atua\u00e7\u00e3o junto aos \u00f3rg\u00e3os governamentais de \u00e2mbito municipal, estadual e federal, objetivando o estabelecimento de padr\u00f5es de qualidade e identidade de produtos, e na aplica\u00e7\u00e3o destes padr\u00f5es pelas ind\u00fastrias, garantindo assim os direitos do consumidor. <\/li>\n<\/ul>\n\n\n\n<p class=\"justify\">Seu campo de atua\u00e7\u00e3o inclui ainda as \u00e1reas de vendas e assist\u00eancia t\u00e9cnica de insumos, equipamentos e embalagens, consultoria, certifica\u00e7\u00e3o e auditoria e \u00f3rg\u00e3os governamentais de normatiza\u00e7\u00e3o t\u00e9cnica, orienta\u00e7\u00e3o e fiscaliza\u00e7\u00e3o, entre diversas outras. <\/p>\n\n\n\n<p>\n\n <\/div>\n\n\n\n<p><\/p>\n\n\n\n<span class=\"collapseomatic \" id=\"id6a04f0afd0ddd\"  tabindex=\"0\" title=\"&lt;strong&gt;Perfil do Egresso&lt;\/strong&gt;\"    ><strong>Perfil do Egresso<\/strong><\/span><div id=\"target-id6a04f0afd0ddd\" class=\"collapseomatic_content \">  <\/p>\n\n\n\n<p class=\"justify\">O Curso de Engenharia de Alimentos da UFVJM prioriza a forma\u00e7\u00e3o de um egresso com perfil multidisciplinar, cr\u00edtico e empreendedor. &nbsp;<br><br>O egresso possui capacidade em trabalhar nos processos de produ\u00e7\u00e3o, dimensionamento de equipamentos e de instala\u00e7\u00f5es, otimiza\u00e7\u00e3o de processos da ind\u00fastria de alimentos al\u00e9m do gerenciamento e controle de todas as atividades envolvidas com o processo (recep\u00e7\u00e3o de mat\u00e9ria prima, produ\u00e7\u00e3o e distribui\u00e7\u00e3o dos alimentos). <br><br>O profissional tamb\u00e9m \u00e9 capacitado a trabalhar em otimiza\u00e7\u00e3o de formula\u00e7\u00f5es, sele\u00e7\u00e3o de ingredientes e embalagens, no controle de qualidade e desenvolvimento de novos produtos. Al\u00e9m disso, cada vez mais, existe o interesse e o incentivo ao empreendedorismo e muitos engenheiros de alimentos investem em neg\u00f3cios pr\u00f3prios.<\/p>\n\n\n\n<p>  <\/div>\n\n\n\n<p><\/p>\n\n\n\n<span class=\"collapseomatic \" id=\"id6a04f0afd0eb1\"  tabindex=\"0\" title=\"&lt;strong&gt;Secretaria - Engenharia de Alimentos&lt;\/strong&gt;\"    ><strong>Secretaria - Engenharia de Alimentos<\/strong><\/span><div id=\"target-id6a04f0afd0eb1\" class=\"collapseomatic_content \"> <\/p>\n\n\n\n<p class=\"justify\">A secretaria do curso de Ci\u00eancia e Tecnologia \u00e9 respons\u00e1vel, juntamente com a coordena\u00e7\u00e3o, pelo acervo documental do curso, al\u00e9m de prover declara\u00e7\u00f5es, receber documentos, encaminhar correspond\u00eancias e solicita\u00e7\u00f5es aos \u00f3rg\u00e3os competentes, abrir processos administrativos e acompanh\u00e1-los, secretariar reuni\u00f5es colegiadas, dentre outros.<\/p>\n\n\n\n<p><strong>Secret\u00e1rios:<br><\/strong>Hilda da Consola\u00e7\u00e3o Trindade<br>Henrique Dumont Pena<br>Lu\u00eds Felipe Pacheco<\/p>\n\n\n\n<p><strong>Portaria de Nomea\u00e7\u00e3o para a Fun\u00e7\u00e3o:&nbsp;<\/strong>105\/ICT\/2023<br><strong>E-mail de Contato:<\/strong>&nbsp;<a href=\"mailto:sec.cursos@ict.ufvjm.edu.br\"><strong>sec.cursos@ict.ufvjm.edu.br<\/strong><\/a><br><strong>Hor\u00e1rio de Atendimento:<\/strong>&nbsp;Segunda a sexta-feira: 08:00 \u00e0s 12:30 \u2013 13:30 \u2013 17:00<\/p>\n\n\n\n<\/div>\n\n\n\n<p><\/p>\n\n\n\n<span class=\"collapseomatic \" id=\"id6a04f0afd0f7f\"  tabindex=\"0\" title=\"&lt;strong&gt;Formul\u00e1rios e Orienta\u00e7\u00f5es&lt;\/strong&gt;\"    ><strong>Formul\u00e1rios e Orienta\u00e7\u00f5es<\/strong><\/span><div id=\"target-id6a04f0afd0f7f\" class=\"collapseomatic_content \"> <\/p>\n\n\n\n<p><\/p>\n\n\n\n<p><a href=\"http:\/\/ict.ufvjm.edu.br\/?page_id=4987\">Documentos e Orienta\u00e7\u00f5es dos Cursos<\/a><\/p>\n\n\n\n<p><\/p>\n\n\n\n<\/div>\n\n\n\n<p><\/p>\n\n\n\n<span class=\"collapseomatic \" id=\"id6a04f0afd104d\"  tabindex=\"0\" title=\"&lt;strong&gt;Atividades Complementares&lt;\/strong&gt;\"    ><strong>Atividades Complementares<\/strong><\/span><div id=\"target-id6a04f0afd104d\" class=\"collapseomatic_content \"> <\/p>\n\n\n\n<p class=\"justify\"><strong><a rel=\"noreferrer noopener\" href=\"https:\/\/www.ict.ufvjm.edu.br\/wp-content\/uploads\/2022\/09\/RESOLUCAO-No-04-ICT-DE-31-DE-AGOSTO-DE-2022.pdf\" target=\"_blank\">RESOLU\u00c7\u00c3O N\u00ba 04 ICT, DE 31 DE AGOSTO DE 2022<\/a><\/strong><br>Estabelece normas para as Atividades Complementares dos Cursos do Instituto de Ci\u00eancia e Tecnologia da Universidade Federal dos Vales do Jequitinhonha e Mucuri.<br><a rel=\"noreferrer noopener\" href=\"https:\/\/www.ict.ufvjm.edu.br\/wp-content\/uploads\/2022\/09\/ANEXO-I-RESOLUCAO-No-04-ICT-DE-31-DE-AGOSTO-DE-2022.ods\" target=\"_blank\">Anexo I<\/a> \u2013 <a rel=\"noreferrer noopener\" href=\"https:\/\/www.ict.ufvjm.edu.br\/wp-content\/uploads\/2022\/09\/ANEXO-II-RESOLUCAO-No-04-ICT-DE-31-DE-AGOSTO-DE-2022.ods\" target=\"_blank\">Anexo II<\/a> \u2013 <a rel=\"noreferrer noopener\" href=\"https:\/\/www.ict.ufvjm.edu.br\/wp-content\/uploads\/2022\/09\/ANEXO-III-RESOLUCAO-No-04-ICT-DE-31-DE-AGOSTO-DE-2022.ods\" target=\"_blank\">Anexo III<\/a> \u2013 <a rel=\"noreferrer noopener\" href=\"https:\/\/www.ict.ufvjm.edu.br\/wp-content\/uploads\/2022\/09\/ANEXO-IV-RESOLUCAO-No-04-ICT-DE-31-DE-AGOSTO-DE-2022.ods\" target=\"_blank\">Anexo IV<\/a> \u2013 <a rel=\"noreferrer noopener\" href=\"https:\/\/www.ict.ufvjm.edu.br\/wp-content\/uploads\/2022\/09\/ANEXO-V-RESOLUCAO-No-04-ICT-DE-31-DE-AGOSTO-DE-2022.ods\" target=\"_blank\">Anexo V<\/a> \u2013 <a rel=\"noreferrer noopener\" href=\"https:\/\/www.ict.ufvjm.edu.br\/wp-content\/uploads\/2022\/09\/ANEXO-VI-RESOLUCAO-No-04-ICT-DE-31-DE-AGOSTO-DE-2022.odt\" target=\"_blank\">Anexo VI<\/a><\/p>\n\n\n\n<p>\n\n <\/div>\n\n\n\n<p><\/p>\n\n\n\n<span class=\"collapseomatic \" id=\"id6a04f0afd1138\"  tabindex=\"0\" title=\"&lt;strong&gt;Est\u00e1gio Obrigat\u00f3rio e N\u00e3o-obrigat\u00f3rio&lt;\/strong&gt;\"    ><strong>Est\u00e1gio Obrigat\u00f3rio e N\u00e3o-obrigat\u00f3rio<\/strong><\/span><div id=\"target-id6a04f0afd1138\" class=\"collapseomatic_content \">  <\/p>\n\n\n\n<p><\/p>\n\n\n\n<p>A Resolu\u00e7\u00e3o N\u00ba 02\/ICT, de 10 de maio de 2024, estabelece normas de Est\u00e1gio Supervisionado obrigat\u00f3rio e n\u00e3o obrigat\u00f3rio aos discentes dos cursos de Ci\u00eancia e Tecnologia, Engenharia de Alimentos, Engenharia Mec\u00e2nica, Engenharia Qu\u00edmica e Engenharia Geol\u00f3gica do Instituto de Ci\u00eancia e Tecnologia da Universidade Federal dos Vales do Jequitinhonha e Mucuri \u2013 UFVJM, Campus de Diamantina, e revoga a Resolu\u00e7\u00e3o N\u00ba 05\/ICT, de 29 de outubro de 2021.<strong><br><a rel=\"noreferrer noopener\" href=\"https:\/\/www.ict.ufvjm.edu.br\/wp-content\/uploads\/2024\/05\/RESOLUCAO-No-02-2024-ICT-DE-10-05-2024.pdf\" target=\"_blank\">Resolu\u00e7\u00e3o N\u00ba 02\/ICT, de 10 de maio de 2024<\/a> <\/strong><br><a rel=\"noreferrer noopener\" href=\"https:\/\/www.ict.ufvjm.edu.br\/wp-content\/uploads\/2024\/05\/Anexo_A_Resolucao_No_02_2024_ICT.pdf\" target=\"_blank\">Anexo A<\/a>&nbsp;\u2013&nbsp;<a rel=\"noreferrer noopener\" href=\"https:\/\/www.ict.ufvjm.edu.br\/wp-content\/uploads\/2024\/05\/Anexo_B_Resolucao_No_02_2024_ICT.pdf\" target=\"_blank\">Anexo B<\/a>&nbsp;\u2013&nbsp;<a rel=\"noreferrer noopener\" href=\"https:\/\/www.ict.ufvjm.edu.br\/wp-content\/uploads\/2024\/05\/Anexo_C_Resolucao_No_02_2024_ICT.pdf\" target=\"_blank\">Anexo C<\/a>&nbsp;\u2013&nbsp;<a rel=\"noreferrer noopener\" href=\"https:\/\/www.ict.ufvjm.edu.br\/wp-content\/uploads\/2024\/05\/Anexo_D_Resolucao_No_02_2024_ICT.pdf\" target=\"_blank\">Anexo D<\/a><br><br><a rel=\"noreferrer noopener\" aria-label=\"Coordena\u00e7\u00e3o de Est\u00e1gio do Curso (abre numa nova aba)\" href=\"https:\/\/www4.ict.ufvjm.edu.br\/?page_id=1908\" target=\"_blank\">Coordena\u00e7\u00e3o de Est\u00e1gio do Curso<\/a><br><\/p>\n\n\n\n<p class=\"justify\"><\/p>\n\n\n\n<p>  <\/div>\n\n\n\n<p><\/p>\n\n\n\n<span class=\"collapseomatic \" id=\"id6a04f0afd121a\"  tabindex=\"0\" title=\"&lt;strong&gt;Trabalho de Conclus\u00e3o de Curso&lt;\/strong&gt;\"    ><strong>Trabalho de Conclus\u00e3o de Curso<\/strong><\/span><div id=\"target-id6a04f0afd121a\" class=\"collapseomatic_content \">  <\/p>\n\n\n\n<p class=\"justify\">Resolu\u00e7\u00e3o N\u00ba. 01 ICT, de 10 de fevereiro de 2021<br>Estabelece normas para o Trabalho de Conclus\u00e3o de Curso do curso de Engenharia de Alimentos do Instituto de Ci\u00eancia e Tecnologia da Universidade Federal dos Vales do Jequitinhonha e Mucuri.<\/p>\n\n\n\n<p><a href=\"https:\/\/www.ict.ufvjm.edu.br\/?page_id=4543\">\u00c1reas de atua\u00e7\u00e3o dos docentes<\/a><\/p>\n\n\n\n<p><a rel=\"noreferrer noopener\" href=\"https:\/\/www.ict.ufvjm.edu.br\/wp-content\/uploads\/2021\/02\/RESOLU%C3%87%C3%83O-N%C2%BA-01-ICT-DE-10-DE-FEVEREIRO-DE-2021.pdf\" target=\"_blank\">Resolu\u00e7\u00e3o N\u00ba 01 ICT, de 10 de fevereiro de 2021<\/a><br><a rel=\"noreferrer noopener\" href=\"https:\/\/www.ict.ufvjm.edu.br\/wp-content\/uploads\/2021\/02\/ANEXO-I-RESOLU%C3%87%C3%83O-N%C2%BA-01-ICT-DE-10-DE-FEVEREIRO-DE-2021.pdf\" target=\"_blank\">Anexo I<\/a><br><a rel=\"noreferrer noopener\" href=\"https:\/\/www.ict.ufvjm.edu.br\/wp-content\/uploads\/2021\/02\/ANEXO-II-RESOLU%C3%87%C3%83O-N%C2%BA-01-ICT-DE-10-DE-FEVEREIRO-DE-2021.pdf\" target=\"_blank\">Anexo II<\/a>&nbsp;<br><a rel=\"noreferrer noopener\" href=\"https:\/\/www.ict.ufvjm.edu.br\/wp-content\/uploads\/2021\/02\/ANEXO-III-RESOLU%C3%87%C3%83O-N%C2%BA-01-ICT-DE-10-DE-FEVEREIRO-DE-2021.pdf\" target=\"_blank\">Anexo III<\/a><\/p>\n\n\n\n<p class=\"justify\">Resolu\u00e7\u00e3o N\u00ba. 09 ICT, de 15 de setembro de 2021<br>Revoga o par\u00e1grafo 3\u00ba do artigo 4\u00ba da Resolu\u00e7\u00e3o 01\/ICT de 10 de fevereiro de 2021, que estabelece normas para o Trabalho de Conclus\u00e3o de Curso do curso de Engenharia de Alimentos do Instituto de Ci\u00eancia e Tecnologia da Universidade Federal dos Vales do Jequitinhonha e Mucuri.<br><br><a href=\"https:\/\/www.ict.ufvjm.edu.br\/wp-content\/uploads\/2021\/11\/Resolu\u00e7\u00e3o-9-Atualiza-TCC-EAL.pdf\" target=\"_blank\" rel=\"noreferrer noopener\" aria-label=\" (abre numa nova aba)\">Resolu\u00e7\u00e3o N\u00ba. 09 ICT, de 15 de setembro de 2021<\/a><\/p>\n\n\n\n<p>  <\/div>\n\n\n\n<p><\/p>\n\n\n\n<span class=\"collapseomatic \" id=\"id6a04f0afd12e8\"  tabindex=\"0\" title=\"&lt;strong&gt;Projeto Pedag\u00f3gico e Estrutura Curricular&lt;\/strong&gt;\"    ><strong>Projeto Pedag\u00f3gico e Estrutura Curricular<\/strong><\/span><div id=\"target-id6a04f0afd12e8\" class=\"collapseomatic_content \">\n\n\n\n<ul class=\"wp-block-list\">\n<li><a href=\"https:\/\/drive.google.com\/file\/d\/10KkR-iW53XDfD-htlJR5Ybgow1WZOM4k\/view?usp=sharing\" target=\"_blank\" rel=\"noreferrer noopener\">Engenharia de Alimentos &#8211; Projeto Pedag\u00f3gico Agosto 2025<\/a><\/li>\n\n\n\n<li><a href=\"https:\/\/www.ict.ufvjm.edu.br\/wp-content\/uploads\/2023\/02\/PPC_Engenharia_Alimentos.pdf\" target=\"_blank\" rel=\"noreferrer noopener\">Engenharia de Alimentos &#8211; Projeto Pedag\u00f3gico Retificado 2023<\/a><\/li>\n\n\n\n<li><a rel=\"noreferrer noopener\" aria-label=\"Estrutura Curricular 2012 - EAL (abre numa nova aba)\" href=\"https:\/\/www4.ict.ufvjm.edu.br\/wp-content\/uploads\/2019\/09\/EC-Eng-de-Alimentos-2012_1-atualizada-em-26-07-2019.pdf\" target=\"_blank\">Estrutura Curricular 2012 &#8211; EAL<\/a><\/li>\n<\/ul>\n\n\n\n<p>  <\/div>\n\n\n\n<p><\/p>\n\n\n\n<span class=\"collapseomatic \" id=\"id6a04f0afd13af\"  tabindex=\"0\" title=\"&lt;strong&gt;Corpo Docente e T\u00e9cnico Administrativo&lt;\/strong&gt;\"    ><strong>Corpo Docente e T\u00e9cnico Administrativo<\/strong><\/span><div id=\"target-id6a04f0afd13af\" class=\"collapseomatic_content \"> <\/p>\n\n\n\n<p><strong><a rel=\"noreferrer noopener\" aria-label=\"Corpo Docente e T\u00e9cnico-Administrativo (abre numa nova aba)\" href=\"https:\/\/www4.ict.ufvjm.edu.br\/?page_id=2\" target=\"_blank\">Nossa Equipe<\/a><\/strong><\/p>\n\n\n\n<\/div>\n\n\n\n<p><\/p>\n\n\n\n<span class=\"collapseomatic \" id=\"id6a04f0afd1487\"  tabindex=\"0\" title=\"&lt;strong&gt;Coordena\u00e7\u00e3o&lt;\/strong&gt;\"    ><strong>Coordena\u00e7\u00e3o<\/strong><\/span><div id=\"target-id6a04f0afd1487\" class=\"collapseomatic_content \"> <\/p>\n\n\n\n<p><strong><a href=\"https:\/\/www4.ict.ufvjm.edu.br\/?page_id=324\">Coordena\u00e7\u00e3o do Curso<\/a><\/strong><\/p>\n\n\n\n<p><a href=\"https:\/\/www.ict.ufvjm.edu.br\/wp-content\/uploads\/2026\/04\/Plano_de_acao_CoordAli.pdf\" target=\"_blank\" rel=\"noreferrer noopener\"><strong>Plano de A\u00e7\u00e3o da Coordena\u00e7\u00e3o para o bi\u00eanio 2026\u20132027<\/strong><\/a><\/p>\n\n\n\n<\/div>\n","protected":false},"excerpt":{"rendered":"<p>Expandir todos\u2003\u2003 Recolher todos A Engenharia de Alimentos \u00e9 o ramo da engenharia que engloba todos os elementos relacionados \u00e0 industrializa\u00e7\u00e3o de alimentos, bebidas e ingredientes industriais, seja no desenvolvimento, fabrica\u00e7\u00e3o, conserva\u00e7\u00e3o, armazenamento, transporte e comercializa\u00e7\u00e3o destes produtos. Portanto, o Engenheiro com forma\u00e7\u00e3o nesta \u00e1rea ocupa-se da fabrica\u00e7\u00e3o, da conserva\u00e7\u00e3o, do armazenamento e do transporte [&hellip;]<\/p>\n","protected":false},"author":1,"featured_media":0,"parent":172,"menu_order":0,"comment_status":"closed","ping_status":"closed","template":"","meta":{"_exactmetrics_skip_tracking":false,"_exactmetrics_sitenote_active":false,"_exactmetrics_sitenote_note":"","_exactmetrics_sitenote_category":0,"footnotes":""},"class_list":["post-235","page","type-page","status-publish","hentry"],"_links":{"self":[{"href":"https:\/\/www.ict.ufvjm.edu.br\/index.php?rest_route=\/wp\/v2\/pages\/235","targetHints":{"allow":["GET"]}}],"collection":[{"href":"https:\/\/www.ict.ufvjm.edu.br\/index.php?rest_route=\/wp\/v2\/pages"}],"about":[{"href":"https:\/\/www.ict.ufvjm.edu.br\/index.php?rest_route=\/wp\/v2\/types\/page"}],"author":[{"embeddable":true,"href":"https:\/\/www.ict.ufvjm.edu.br\/index.php?rest_route=\/wp\/v2\/users\/1"}],"replies":[{"embeddable":true,"href":"https:\/\/www.ict.ufvjm.edu.br\/index.php?rest_route=%2Fwp%2Fv2%2Fcomments&post=235"}],"version-history":[{"count":74,"href":"https:\/\/www.ict.ufvjm.edu.br\/index.php?rest_route=\/wp\/v2\/pages\/235\/revisions"}],"predecessor-version":[{"id":7018,"href":"https:\/\/www.ict.ufvjm.edu.br\/index.php?rest_route=\/wp\/v2\/pages\/235\/revisions\/7018"}],"up":[{"embeddable":true,"href":"https:\/\/www.ict.ufvjm.edu.br\/index.php?rest_route=\/wp\/v2\/pages\/172"}],"wp:attachment":[{"href":"https:\/\/www.ict.ufvjm.edu.br\/index.php?rest_route=%2Fwp%2Fv2%2Fmedia&parent=235"}],"curies":[{"name":"wp","href":"https:\/\/api.w.org\/{rel}","templated":true}]}}