{"id":1719,"date":"2019-10-09T21:34:11","date_gmt":"2019-10-09T23:34:11","guid":{"rendered":"https:\/\/www4.ict.ufvjm.edu.br\/?page_id=1719"},"modified":"2024-09-17T16:58:56","modified_gmt":"2024-09-17T19:58:56","slug":"starkbotz","status":"publish","type":"page","link":"https:\/\/www.ict.ufvjm.edu.br\/?page_id=1719","title":{"rendered":"Starkbotz"},"content":{"rendered":"<div class=\"wp-block-image\">\n<figure class=\"alignright is-resized\"><img loading=\"lazy\" decoding=\"async\" src=\"https:\/\/www4.ict.ufvjm.edu.br\/wp-content\/uploads\/2019\/10\/starkbotz.png\" alt=\"\" class=\"wp-image-1786\" width=\"437\" height=\"310\" srcset=\"https:\/\/www.ict.ufvjm.edu.br\/wp-content\/uploads\/2019\/10\/starkbotz.png 894w, https:\/\/www.ict.ufvjm.edu.br\/wp-content\/uploads\/2019\/10\/starkbotz-300x213.png 300w, https:\/\/www.ict.ufvjm.edu.br\/wp-content\/uploads\/2019\/10\/starkbotz-768x546.png 768w\" sizes=\"auto, (max-width: 437px) 100vw, 437px\" \/><\/figure>\n<\/div>\n\n\n<p class=\"justify\">Rob\u00f3tica, guerra, destrui\u00e7\u00e3o. Essas s\u00e3o palavras que definem a StarkBotz, uma equipe de competi\u00e7\u00e3o de rob\u00f3tica com o objetivo de construir rob\u00f4s para a guerra. Vinculada ao Instituto de Ci\u00eancia e Tecnologia, a mesma tem como foco participar de competi\u00e7\u00f5es. Para isso, a equipe projeta, confecciona e otimiza rob\u00f4s das categorias de combate, seguidor de linha e sum\u00f4.<br><br>A equipe foi fundada em 2017, por alunos dos cursos de Engenharia Mec\u00e2nica e Ci\u00eancia e tecnologia,com a miss\u00e3o de aplicar conhecimentos adquiridos durante a gradua\u00e7\u00e3o de forma l\u00fadica, auxiliando no ensino-aprendizado dos membros. Em 2018, a equipe participou de sua primeira competi\u00e7\u00e3o: A 14\u00aa Winter Challenge, que \u00e9 considerada a maior competi\u00e7\u00e3o de Rob\u00f3tica da Am\u00e9rica Latina. Nessa competi\u00e7\u00e3o, a StarkBotz disputou com o seu primeiro rob\u00f4 de combate, C\u00e3o Felpudo, da categoria Featherweight (que s\u00e3o rob\u00f4s com at\u00e9 13,6 kg), alcan\u00e7ando a 10\u00aa coloca\u00e7\u00e3o entre os 30 rob\u00f4s da mesma categoria, o que elevou a equipe mais de 500 posi\u00e7\u00f5es na classifica\u00e7\u00e3o geral da Robocore, a empresa respons\u00e1vel por gerir a maior parte das competi\u00e7\u00f5es de rob\u00f3tica no Brasil. J\u00e1 em 2019, a equipe participou da Winter Challenge XV, competindo com 6 rob\u00f4s, sendo 4 rob\u00f4s da categoria de combate e dois rob\u00f4s aut\u00f4nomos da categoria Seguidor de Linha &#8211; Pro. Neste ano a equipe subiu mais de 100 posi\u00e7\u00f5es no ranking da Robocore, chegando \u00e0 149\u00aa posi\u00e7\u00e3o.<br><br>Atualmente a StarkBotz desenvolve eventos voltados para a Engenharia Mec\u00e2nica e Ci\u00eancia e Tecnologia, dentre outros projetos voltados para o ensino, contribuindo para a forma\u00e7\u00e3o acad\u00eamica dos alunos do ICT.<br><br>Para ingresso na equipe, os interessados passam por um processo seletivo que pode ser feito para os setores t\u00e9cnico ou administrativo. Ambas as seletivas passam por etapas como an\u00e1lise de curr\u00edculo, din\u00e2micas de grupo, entrevista, entre outros. Al\u00e9m disso, para ingresso no setor t\u00e9cnico os candidatos passam por uma prova escrita que testa o conhecimento sobre assuntos como competi\u00e7\u00f5es e a equipe. Quer fazer parte da StarkBotz? Siga as redes sociais da equipe, pois o processo seletivo \u00e9 sempre divulgado para a comunidade acad\u00eamica!<br><br>Quer conhecer mais sobre a StarkBotz? Visite <a rel=\"noreferrer noopener\" aria-label=\"nosso site (abre numa nova aba)\" href=\"https:\/\/starkbotz.wixsite.com\/starkbotzufvjm\" target=\"_blank\"><strong>nosso site<\/strong><\/a>, acesse nossas redes sociais ou o <a href=\"https:\/\/www.ict.ufvjm.edu.br\/wp-content\/uploads\/2024\/09\/Regimento-Interno-StarkBotz.pdf\" target=\"_blank\" rel=\"noreferrer noopener\">Regimento Interno<\/a>!<br> <br><strong>Nossas redes sociais <br><\/strong><a rel=\"noreferrer noopener\" aria-label=\" (abre numa nova aba)\" href=\"https:\/\/www.instagram.com\/starkbotz\/\" target=\"_blank\"><i class=\"fab fa-2x fa-instagram\"><\/i><\/a> <a rel=\"noreferrer noopener\" aria-label=\"&lt;i class=&quot;&quot;fab fa-&quot;facebook&quot;&gt;&lt;\/i&gt; (abre numa nova aba)\" href=\"https:\/\/www.facebook.com\/starkbotz\" target=\"_blank\"><i class=\"fab fa-2x fa-facebook\"><\/i><\/a><br><br><i class=\"far fa-2x fa-envelope\"><\/i> <a href=\"mailto:starkbotz@ict.ufvjm.edu.br\"><strong>starkbotz@ict.ufvjm.edu.br<\/strong><\/a><br><br><i class=\"fas fa-2x fa-map-marker-alt\"><\/i> Sala 03 do Pr\u00e9dio Administrativo 1 (em frente ao pr\u00e9dio do ICT).  Campus JK &#8211;  Rodovia MGT 367 &#8211; Km 583, n\u00ba 5.000. Alto da Jacuba. Diamantina-MG. CEP: 39100-000. <\/p>\n\n\n\n<figure class=\"wp-block-image\"><img loading=\"lazy\" decoding=\"async\" width=\"1024\" height=\"664\" src=\"https:\/\/www4.ict.ufvjm.edu.br\/wp-content\/uploads\/2019\/10\/IMG_4686-1024x664.jpg\" alt=\"\" class=\"wp-image-1778\" srcset=\"https:\/\/www.ict.ufvjm.edu.br\/wp-content\/uploads\/2019\/10\/IMG_4686-1024x664.jpg 1024w, https:\/\/www.ict.ufvjm.edu.br\/wp-content\/uploads\/2019\/10\/IMG_4686-300x195.jpg 300w, https:\/\/www.ict.ufvjm.edu.br\/wp-content\/uploads\/2019\/10\/IMG_4686-768x498.jpg 768w\" sizes=\"auto, (max-width: 1024px) 100vw, 1024px\" \/><figcaption class=\"wp-element-caption\"> ICT\/UFVJM \u2013 Diamantina-MG \u2013 Time Starkbotz \u2013 2019<\/figcaption><\/figure>\n","protected":false},"excerpt":{"rendered":"<p>Rob\u00f3tica, guerra, destrui\u00e7\u00e3o. Essas s\u00e3o palavras que definem a StarkBotz, uma equipe de competi\u00e7\u00e3o de rob\u00f3tica com o objetivo de construir rob\u00f4s para a guerra. Vinculada ao Instituto de Ci\u00eancia e Tecnologia, a mesma tem como foco participar de competi\u00e7\u00f5es. Para isso, a equipe projeta, confecciona e otimiza rob\u00f4s das categorias de combate, seguidor de [&hellip;]<\/p>\n","protected":false},"author":2,"featured_media":0,"parent":332,"menu_order":90,"comment_status":"closed","ping_status":"closed","template":"","meta":{"_exactmetrics_skip_tracking":false,"_exactmetrics_sitenote_active":false,"_exactmetrics_sitenote_note":"","_exactmetrics_sitenote_category":0,"footnotes":""},"class_list":["post-1719","page","type-page","status-publish","hentry"],"_links":{"self":[{"href":"https:\/\/www.ict.ufvjm.edu.br\/index.php?rest_route=\/wp\/v2\/pages\/1719","targetHints":{"allow":["GET"]}}],"collection":[{"href":"https:\/\/www.ict.ufvjm.edu.br\/index.php?rest_route=\/wp\/v2\/pages"}],"about":[{"href":"https:\/\/www.ict.ufvjm.edu.br\/index.php?rest_route=\/wp\/v2\/types\/page"}],"author":[{"embeddable":true,"href":"https:\/\/www.ict.ufvjm.edu.br\/index.php?rest_route=\/wp\/v2\/users\/2"}],"replies":[{"embeddable":true,"href":"https:\/\/www.ict.ufvjm.edu.br\/index.php?rest_route=%2Fwp%2Fv2%2Fcomments&post=1719"}],"version-history":[{"count":10,"href":"https:\/\/www.ict.ufvjm.edu.br\/index.php?rest_route=\/wp\/v2\/pages\/1719\/revisions"}],"predecessor-version":[{"id":6149,"href":"https:\/\/www.ict.ufvjm.edu.br\/index.php?rest_route=\/wp\/v2\/pages\/1719\/revisions\/6149"}],"up":[{"embeddable":true,"href":"https:\/\/www.ict.ufvjm.edu.br\/index.php?rest_route=\/wp\/v2\/pages\/332"}],"wp:attachment":[{"href":"https:\/\/www.ict.ufvjm.edu.br\/index.php?rest_route=%2Fwp%2Fv2%2Fmedia&parent=1719"}],"curies":[{"name":"wp","href":"https:\/\/api.w.org\/{rel}","templated":true}]}}