{"id":1717,"date":"2019-10-09T21:32:03","date_gmt":"2019-10-09T23:32:03","guid":{"rendered":"https:\/\/www4.ict.ufvjm.edu.br\/?page_id=1717"},"modified":"2024-09-17T17:19:38","modified_gmt":"2024-09-17T20:19:38","slug":"gama-pensamento-estrategico","status":"publish","type":"page","link":"https:\/\/www.ict.ufvjm.edu.br\/?page_id=1717","title":{"rendered":"GAMA Pensamento Estrat\u00e9gico"},"content":{"rendered":"\n<p class=\"justify\"><\/p>\n\n\n<div class=\"wp-block-image\">\n<figure class=\"alignright is-resized\"><img loading=\"lazy\" decoding=\"async\" src=\"https:\/\/www4.ict.ufvjm.edu.br\/wp-content\/uploads\/2019\/10\/Logo-sem-fundo-C\u00f3pia-1024x1024.png\" alt=\"\" class=\"wp-image-1756\" width=\"313\" height=\"313\" srcset=\"https:\/\/www.ict.ufvjm.edu.br\/wp-content\/uploads\/2019\/10\/Logo-sem-fundo-C\u00f3pia-1024x1024.png 1024w, https:\/\/www.ict.ufvjm.edu.br\/wp-content\/uploads\/2019\/10\/Logo-sem-fundo-C\u00f3pia-150x150.png 150w, https:\/\/www.ict.ufvjm.edu.br\/wp-content\/uploads\/2019\/10\/Logo-sem-fundo-C\u00f3pia-300x300.png 300w, https:\/\/www.ict.ufvjm.edu.br\/wp-content\/uploads\/2019\/10\/Logo-sem-fundo-C\u00f3pia-768x768.png 768w, https:\/\/www.ict.ufvjm.edu.br\/wp-content\/uploads\/2019\/10\/Logo-sem-fundo-C\u00f3pia-350x350.png 350w, https:\/\/www.ict.ufvjm.edu.br\/wp-content\/uploads\/2019\/10\/Logo-sem-fundo-C\u00f3pia.png 2000w\" sizes=\"auto, (max-width: 313px) 100vw, 313px\" \/><\/figure>\n<\/div>\n\n\n<p class=\"justify\">A GAMA visa a capacita\u00e7\u00e3o em grupo para processos seletivos de est\u00e1gio e trainee de empresas privadas, contemplando todas as etapas de sele\u00e7\u00e3o: testes online, din\u00e2micas de grupo, entrevistas e painel com gestores. Al\u00e9m disso, o n\u00facleo realiza atividades que favore\u00e7am a criatividade, o trabalho em equipe, a inova\u00e7\u00e3o e o empreendedorismo nos seus membros, bem como em todas as pessoas que participam das atividades que s\u00e3o promovidas pelo Gama. <br><br>A GAMA surgiu de uma demanda, percebida por algumas alunas de engenharia da UFVJM, de se preparar para os processos seletivos de est\u00e1gio e trainee das grandes empresas. A ideia come\u00e7ou em janeiro de 2016 e foi sendo amadurecida, at\u00e9 que em maio deste mesmo ano, foi realizado o primeiro recrutamento de alunos interessados em participar da equipe. Foi fundado, ent\u00e3o, a Gama Pensamento Estrat\u00e9gico. Periodicamente fazemos processos seletivos para aqueles alunos que desejam ingressar na nossa associa\u00e7\u00e3o.<br><br>Nossa miss\u00e3o \u00e9 Contribuir com o desenvolvimento de compet\u00eancias profissionais e comportamentais de excel\u00eancia dos discentes vinculados \u00e0 UFVJM, pelo incentivo do trabalho em equipe, empreendedorismo e inova\u00e7\u00e3o. <br><br>Atualmente temos como nosso evento principal a \u2018\u2019Simula\u00e7\u00e3o de Processo Seletivo\u2019\u2019 que v\u00eam impactando anualmente cerca de 80 discentes. Este evento basicamente traz ao p\u00fablico todas as etapas de um processo seletivo, com apoio de empresas particulares e possibilitando vagas de est\u00e1gios durante o decorrer do evento.<br><br>Quer saber mais sobre a GAMA Pensamento Estrat\u00e9gico? Visite <a href=\"http:\/\/www.nitufvjm.com.br\/Gama\/\">nosso site<\/a> e o <a href=\"https:\/\/www.ict.ufvjm.edu.br\/wp-content\/uploads\/2024\/09\/Regimento-Interno-GAMA-Pensamento-Estrategico.pdf\" target=\"_blank\" rel=\"noreferrer noopener\">Regimento Interno<\/a>.<br> <br><strong>Nossas redes sociais <br><\/strong><a rel=\"noreferrer noopener\" aria-label=\" (abre numa nova aba)\" href=\"https:\/\/www.instagram.com\/gamap.estrategico\" target=\"_blank\"><i class=\"fab fa-2x fa-instagram\"><\/i><\/a> <a rel=\"noreferrer noopener\" aria-label=\"&lt;i class=&quot;&quot;fab fa-&quot;facebook&quot;&gt;&lt;\/i&gt; (abre numa nova aba)\" href=\"https:\/\/www.facebook.com\/profile.php?id=100011934520509\" target=\"_blank\"><i class=\"fab fa-2x fa-facebook\"><\/i><\/a>  <a rel=\"noreferrer noopener\" aria-label=\" (abre numa nova aba)\" href=\"https:\/\/www.linkedin.com\/company\/gama-pensamento-estrategico\/\" target=\"_blank\"><i class=\"fab fa-2x fa-linkedin\"><\/i><\/a> <br><br><i class=\"far fa-2x fa-envelope\"><\/i> <a rel=\"noreferrer noopener\" href=\"mailto:gamaufvjm@gmail.com\" target=\"_blank\"><strong>gamaufvjm@gmail.com<\/strong><\/a><strong> <\/strong><br><br><i class=\"fas fa-2x fa-map-marker-alt\"><\/i> Sala 09 do Pr\u00e9dio Administrativo 2 (em frente ao pr\u00e9dio do ICT).  Campus JK &#8211;  Rodovia MGT 367 &#8211; Km 583, n\u00ba 5.000. Alto da Jacuba. Diamantina-MG. CEP: 39100-000. <\/p>\n\n\n\n<figure class=\"wp-block-image\"><img loading=\"lazy\" decoding=\"async\" width=\"1024\" height=\"683\" src=\"https:\/\/www4.ict.ufvjm.edu.br\/wp-content\/uploads\/2019\/10\/Foto-da-Equipe-1024x683.jpeg\" alt=\"\" class=\"wp-image-1757\" srcset=\"https:\/\/www.ict.ufvjm.edu.br\/wp-content\/uploads\/2019\/10\/Foto-da-Equipe-1024x683.jpeg 1024w, https:\/\/www.ict.ufvjm.edu.br\/wp-content\/uploads\/2019\/10\/Foto-da-Equipe-300x200.jpeg 300w, https:\/\/www.ict.ufvjm.edu.br\/wp-content\/uploads\/2019\/10\/Foto-da-Equipe-768x512.jpeg 768w, https:\/\/www.ict.ufvjm.edu.br\/wp-content\/uploads\/2019\/10\/Foto-da-Equipe.jpeg 1152w\" sizes=\"auto, (max-width: 1024px) 100vw, 1024px\" \/><figcaption class=\"wp-element-caption\">  ICT\/UFVJM &#8211; Diamantina-MG &#8211; Equipe Gama Pensamento Estrat\u00e9gico- 2019  <\/figcaption><\/figure>\n\n\n\n<p><\/p>\n","protected":false},"excerpt":{"rendered":"<p>A GAMA visa a capacita\u00e7\u00e3o em grupo para processos seletivos de est\u00e1gio e trainee de empresas privadas, contemplando todas as etapas de sele\u00e7\u00e3o: testes online, din\u00e2micas de grupo, entrevistas e painel com gestores. Al\u00e9m disso, o n\u00facleo realiza atividades que favore\u00e7am a criatividade, o trabalho em equipe, a inova\u00e7\u00e3o e o empreendedorismo nos seus membros, [&hellip;]<\/p>\n","protected":false},"author":2,"featured_media":0,"parent":332,"menu_order":80,"comment_status":"closed","ping_status":"closed","template":"","meta":{"_exactmetrics_skip_tracking":false,"_exactmetrics_sitenote_active":false,"_exactmetrics_sitenote_note":"","_exactmetrics_sitenote_category":0,"footnotes":""},"class_list":["post-1717","page","type-page","status-publish","hentry"],"_links":{"self":[{"href":"https:\/\/www.ict.ufvjm.edu.br\/index.php?rest_route=\/wp\/v2\/pages\/1717","targetHints":{"allow":["GET"]}}],"collection":[{"href":"https:\/\/www.ict.ufvjm.edu.br\/index.php?rest_route=\/wp\/v2\/pages"}],"about":[{"href":"https:\/\/www.ict.ufvjm.edu.br\/index.php?rest_route=\/wp\/v2\/types\/page"}],"author":[{"embeddable":true,"href":"https:\/\/www.ict.ufvjm.edu.br\/index.php?rest_route=\/wp\/v2\/users\/2"}],"replies":[{"embeddable":true,"href":"https:\/\/www.ict.ufvjm.edu.br\/index.php?rest_route=%2Fwp%2Fv2%2Fcomments&post=1717"}],"version-history":[{"count":12,"href":"https:\/\/www.ict.ufvjm.edu.br\/index.php?rest_route=\/wp\/v2\/pages\/1717\/revisions"}],"predecessor-version":[{"id":6152,"href":"https:\/\/www.ict.ufvjm.edu.br\/index.php?rest_route=\/wp\/v2\/pages\/1717\/revisions\/6152"}],"up":[{"embeddable":true,"href":"https:\/\/www.ict.ufvjm.edu.br\/index.php?rest_route=\/wp\/v2\/pages\/332"}],"wp:attachment":[{"href":"https:\/\/www.ict.ufvjm.edu.br\/index.php?rest_route=%2Fwp%2Fv2%2Fmedia&parent=1717"}],"curies":[{"name":"wp","href":"https:\/\/api.w.org\/{rel}","templated":true}]}}