{"id":1713,"date":"2019-10-09T21:30:36","date_gmt":"2019-10-09T23:30:36","guid":{"rendered":"https:\/\/www4.ict.ufvjm.edu.br\/?page_id=1713"},"modified":"2020-07-01T21:55:42","modified_gmt":"2020-07-01T23:55:42","slug":"diretorio-academico-da","status":"publish","type":"page","link":"https:\/\/www.ict.ufvjm.edu.br\/?page_id=1713","title":{"rendered":"Diret\u00f3rio Acad\u00eamico Integrado do Instituto de Ci\u00eancia e Tecnologia \u2013 IntegraD.A"},"content":{"rendered":"\n<div class=\"wp-block-image\"><figure class=\"alignright is-resized\"><img loading=\"lazy\" decoding=\"async\" src=\"https:\/\/www4.ict.ufvjm.edu.br\/wp-content\/uploads\/2019\/10\/IMG-20191015-WA0017-1024x908.jpg\" alt=\"\" class=\"wp-image-1744\" width=\"357\" height=\"317\" srcset=\"https:\/\/www.ict.ufvjm.edu.br\/wp-content\/uploads\/2019\/10\/IMG-20191015-WA0017-1024x908.jpg 1024w, https:\/\/www.ict.ufvjm.edu.br\/wp-content\/uploads\/2019\/10\/IMG-20191015-WA0017-300x266.jpg 300w, https:\/\/www.ict.ufvjm.edu.br\/wp-content\/uploads\/2019\/10\/IMG-20191015-WA0017-768x681.jpg 768w, https:\/\/www.ict.ufvjm.edu.br\/wp-content\/uploads\/2019\/10\/IMG-20191015-WA0017.jpg 1163w\" sizes=\"auto, (max-width: 357px) 100vw, 357px\" \/><\/figure><\/div>\n\n\n\n<p class=\"justify\">O Diret\u00f3rio Acad\u00eamico Integrado do Instituto de Ci\u00eancia e Tecnologia da Universidade Federal dos Vales do Jequitinhonha e Mucuri \u2013 (UFVJM)- Campus Diamantina \u00e9 um \u00f3rg\u00e3o sem filia\u00e7\u00e3o pol\u00edtica, partid\u00e1ria ou religiosa que representa os estudantes de gradua\u00e7\u00e3o dos cursos do Instituto de Ci\u00eancia e Tecnologia \u2013 ICT. Fundado no dia 26 de junho de 2017, incorporou diversas chapas, no decorrer deste tempo, sendo a atual representante Integra DA em 2019.<br><br>Dos princ\u00edpios b\u00e1sicos tem-se, lutar pela Universidade (educa\u00e7\u00e3o) p\u00fablica gratuita de qualidade, referenciada socialmente universalmente. Congregar o corpo discente da institui\u00e7\u00e3o, defendendo a igualdade de condi\u00e7\u00f5es de acesso e perman\u00eancia na UFVJM, lutar contra todas as formas de explora\u00e7\u00e3o, opress\u00e3o e discrimina\u00e7\u00e3o, defendendo o pluralismo de ideias e de concep\u00e7\u00f5es pedag\u00f3gicas.<br><br>Para a atua\u00e7\u00e3o como membros do DA o requerente deve estar regularmente matriculado no curso de gradua\u00e7\u00e3o do Instituto de Ci\u00eancia e Tecnologia da UFVJM, campus JK. As elei\u00e7\u00f5es devem ser dirigidas por uma Comiss\u00e3o Eleitoral em uma Assembleia Geral, ao prazo de 30 dias antes do vencimento da atual gest\u00e3o, as inscri\u00e7\u00f5es s\u00e3o feitas por chapas.<br><br>As coordenadorias disp\u00f5e-se de Presid\u00eancia, Tesouraria, Secretaria, Coordenadoria de Administra\u00e7\u00e3o, Coordenadoria Sociocultural, de Extens\u00e3o Universit\u00e1ria e Eventos, Coordenadoria de Finan\u00e7as, Coordenadoria de Comunica\u00e7\u00e3o, Imprensa e Rela\u00e7\u00f5es humanas e por fim Coordenadoria de Assist\u00eancia Estudantil.<br><br>Outras informa\u00e7\u00f5es referentes ao Diret\u00f3rio acad\u00eamico entrem em contato conosco pelas redes sociais ou via e-mail.<br><br><strong>Nossa rede social <br><\/strong><a rel=\"noreferrer noopener\" aria-label=\" (abre numa nova aba)\" href=\"https:\/\/www.instagram.com\/daintegradoict?r=nametag\" target=\"_blank\"><i class=\"fab fa-2x fa-instagram\"><\/i><\/a> <br><br><i class=\"far fa-2x fa-envelope\"><\/i><a href=\"mailto:ca@ict.ufvjm.edu.br\"><strong>ca@ict.ufvjm.edu.br<\/strong><\/a><br><br><i class=\"fas fa-2x fa-map-marker-alt\"><\/i> Sala 10 do Pr\u00e9dio Administrativo 2 (em frente ao pr\u00e9dio do ICT).  Campus JK &#8211;  Rodovia MGT 367 &#8211; Km 583, n\u00ba 5.000. Alto da Jacuba. Diamantina-MG. CEP: 39100-000. <\/p>\n\n\n\n<figure class=\"wp-block-image\"><img loading=\"lazy\" decoding=\"async\" width=\"1024\" height=\"396\" src=\"https:\/\/www4.ict.ufvjm.edu.br\/wp-content\/uploads\/2019\/10\/IMG-20191012-WA0019-1024x396.jpg\" alt=\"\" class=\"wp-image-1737\" srcset=\"https:\/\/www.ict.ufvjm.edu.br\/wp-content\/uploads\/2019\/10\/IMG-20191012-WA0019-1024x396.jpg 1024w, https:\/\/www.ict.ufvjm.edu.br\/wp-content\/uploads\/2019\/10\/IMG-20191012-WA0019-300x116.jpg 300w, https:\/\/www.ict.ufvjm.edu.br\/wp-content\/uploads\/2019\/10\/IMG-20191012-WA0019-768x297.jpg 768w, https:\/\/www.ict.ufvjm.edu.br\/wp-content\/uploads\/2019\/10\/IMG-20191012-WA0019.jpg 1196w\" sizes=\"auto, (max-width: 1024px) 100vw, 1024px\" \/><figcaption> ICT\/UFVJM \u2013 Diamantina-MG \u2013 Time IntegraD.A &#8211; 2019<\/figcaption><\/figure>\n","protected":false},"excerpt":{"rendered":"<p>O Diret\u00f3rio Acad\u00eamico Integrado do Instituto de Ci\u00eancia e Tecnologia da Universidade Federal dos Vales do Jequitinhonha e Mucuri \u2013 (UFVJM)- Campus Diamantina \u00e9 um \u00f3rg\u00e3o sem filia\u00e7\u00e3o pol\u00edtica, partid\u00e1ria ou religiosa que representa os estudantes de gradua\u00e7\u00e3o dos cursos do Instituto de Ci\u00eancia e Tecnologia \u2013 ICT. Fundado no dia 26 de junho de [&hellip;]<\/p>\n","protected":false},"author":2,"featured_media":0,"parent":332,"menu_order":60,"comment_status":"closed","ping_status":"closed","template":"","meta":{"_exactmetrics_skip_tracking":false,"_exactmetrics_sitenote_active":false,"_exactmetrics_sitenote_note":"","_exactmetrics_sitenote_category":0,"footnotes":""},"class_list":["post-1713","page","type-page","status-publish","hentry"],"_links":{"self":[{"href":"https:\/\/www.ict.ufvjm.edu.br\/index.php?rest_route=\/wp\/v2\/pages\/1713","targetHints":{"allow":["GET"]}}],"collection":[{"href":"https:\/\/www.ict.ufvjm.edu.br\/index.php?rest_route=\/wp\/v2\/pages"}],"about":[{"href":"https:\/\/www.ict.ufvjm.edu.br\/index.php?rest_route=\/wp\/v2\/types\/page"}],"author":[{"embeddable":true,"href":"https:\/\/www.ict.ufvjm.edu.br\/index.php?rest_route=\/wp\/v2\/users\/2"}],"replies":[{"embeddable":true,"href":"https:\/\/www.ict.ufvjm.edu.br\/index.php?rest_route=%2Fwp%2Fv2%2Fcomments&post=1713"}],"version-history":[{"count":13,"href":"https:\/\/www.ict.ufvjm.edu.br\/index.php?rest_route=\/wp\/v2\/pages\/1713\/revisions"}],"predecessor-version":[{"id":2726,"href":"https:\/\/www.ict.ufvjm.edu.br\/index.php?rest_route=\/wp\/v2\/pages\/1713\/revisions\/2726"}],"up":[{"embeddable":true,"href":"https:\/\/www.ict.ufvjm.edu.br\/index.php?rest_route=\/wp\/v2\/pages\/332"}],"wp:attachment":[{"href":"https:\/\/www.ict.ufvjm.edu.br\/index.php?rest_route=%2Fwp%2Fv2%2Fmedia&parent=1713"}],"curies":[{"name":"wp","href":"https:\/\/api.w.org\/{rel}","templated":true}]}}