{"id":1462,"date":"2019-09-29T11:52:50","date_gmt":"2019-09-29T13:52:50","guid":{"rendered":"https:\/\/www4.ict.ufvjm.edu.br\/?page_id=1462"},"modified":"2024-09-17T17:24:30","modified_gmt":"2024-09-17T20:24:30","slug":"escola-piloto-de-engenharia-quimica-epeq","status":"publish","type":"page","link":"https:\/\/www.ict.ufvjm.edu.br\/?page_id=1462","title":{"rendered":"Escola Piloto de Engenharia Qu\u00edmica &#8211; EPEQ"},"content":{"rendered":"<div class=\"wp-block-image\">\n<figure class=\"alignright is-resized\"><img loading=\"lazy\" decoding=\"async\" src=\"https:\/\/www4.ict.ufvjm.edu.br\/wp-content\/uploads\/2019\/09\/logo-epeq-1.png\" alt=\"\" class=\"wp-image-1488\" width=\"230\" height=\"269\" srcset=\"https:\/\/www.ict.ufvjm.edu.br\/wp-content\/uploads\/2019\/09\/logo-epeq-1.png 424w, https:\/\/www.ict.ufvjm.edu.br\/wp-content\/uploads\/2019\/09\/logo-epeq-1-257x300.png 257w\" sizes=\"auto, (max-width: 230px) 100vw, 230px\" \/><\/figure>\n<\/div>\n\n\n<p class=\"justify\">A Escola Piloto de Engenharia Qu\u00edmica (EPEQ) da Universidade Federal dos Vales do Jequitinhonha e Mucuri (UFVJM) \u00e9 um projeto de ensino registrado na Pr\u00f3-Reitoria de Gradua\u00e7\u00e3o (Prograd) e vinculada ao curso de Engenharia Qu\u00edmica do Instituto de Ci\u00eancia e Tecnologia (ICT), direcionado a pesquisar, organizar e ministrar cursos de aperfei\u00e7oamento e atividades que complementem a forma\u00e7\u00e3o dos estudantes de Engenharia e \u00e1reas afins, principalmente da Engenharia Qu\u00edmica.<br><br>A  Escola  foi idealizada em outubro de 2017, por iniciativa de alguns docentes e discentes do curso de Engenharia Qu\u00edmica da UFVJM. A equipe esteve em contato com outras Escolas Piloto do pa\u00eds, iniciando uma parceria com o Conselho Nacional das Escolas Piloto (CONEP), entidade extremamente importante na elabora\u00e7\u00e3o deste projeto, contribuindo imensamente na troca de informa\u00e7\u00f5es e orienta\u00e7\u00e3o da equipe fundadora. O modelo da EPEQ\/UFVJM foi inspirado na estrutura da EPEQ\/UFC e da EPEQ\/UFPR, adaptando o formato do projeto \u00e0s necessidades dos discentes da UFVJM e da realidade da nossa universidade.<br><br>A EPEQ tem por miss\u00e3o desenvolver e ministrar com qualidade atividades e conte\u00fados complementares \u00e0 grade curricular da Engenharia e \u00e1reas afins, principalmente da Engenharia Qu\u00edmica, de forma a aperfei\u00e7oar a forma\u00e7\u00e3o dos estudantes, dando-lhes suporte para se tornarem egressos capazes de atender as necessidades do mercado.  <br><br>Apesar de ser identificado como um projeto de ensino a Escola Piloto de Engenharia Qu\u00edmica, como destaca o Conselho Nacional das Escolas Piloto-CONEP (2017), prop\u00f5e a indissociabilidade entre os tr\u00eas pilares da educa\u00e7\u00e3o, ensino-pesquisa-extens\u00e3o, dado que, os membros da EPEQ est\u00e3o intensamente envolvidos na pesquisa dos temas de estudo, difundindo-os tanto para os graduandos em Engenharia Qu\u00edmica quanto \u00e0 comunidade externa.<br><br>Assim, a EPEQ\/UFVJM tem por vis\u00e3o tornar-se um programa capacitado a oferecer, com excel\u00eancia, conte\u00fados correlatos \u00e0 Engenharia, principalmente \u00e0 Engenharia Qu\u00edmica e suas \u00e1reas de atua\u00e7\u00e3o, de tal modo, a contribuir para a forma\u00e7\u00e3o de Engenheiros capacitados, reconhecidos pelo not\u00e1vel desempenho e cont\u00ednuo aperfei\u00e7oamento.<br><br>As a\u00e7\u00f5es realizadas pela EPEQ e informa\u00e7\u00f5es sobre o processo seletivo de novos membros estudantes podem ser encontradas na p\u00e1gina do <a rel=\"noreferrer noopener\" aria-label=\" (abre numa nova aba)\" href=\"https:\/\/instagram.com\/epeq.ufvjm?igshid=w2lftn7x4g05\" target=\"_blank\"><i class=\"fab fa-2x fa-instagram\"><\/i><\/a> <a rel=\"noreferrer noopener\" href=\"https:\/\/instagram.com\/epeq.ufvjm?igshid=w2lftn7x4g05\" target=\"_blank\"><i class=\"fab fa-2x fa-\"><\/i><\/a>  <a rel=\"noreferrer noopener\" aria-label=\"&lt;i class=&quot;&quot;fab fa-&quot;linkedin&quot;&quot;&gt;&lt;\/i&gt; (abre numa nova aba)\" href=\"https:\/\/br.linkedin.com\/in\/epeq-ufvjm\" target=\"_blank\"><i class=\"fab fa-2x fa-linkedin\"><\/i><\/a> ou <a rel=\"noreferrer noopener\" aria-label=\" (abre numa nova aba)\" href=\"https:\/\/m.facebook.com\/epeq.ufvjm\" target=\"_blank\"><i class=\"fab fa-2x fa-facebook\"><\/i><\/a> da Escola Piloto. <\/p>\n\n\n\n<p class=\"justify\">Para mais informa\u00e7\u00f5es sobre funcionamento, acesse o <a href=\"https:\/\/www.ict.ufvjm.edu.br\/wp-content\/uploads\/2024\/09\/Regimento-Interno-Escola-Piloto-Engenharia-Quimica.pdf\" target=\"_blank\" rel=\"noreferrer noopener\">Regimento Interno<\/a>.<br><br><i class=\"far fa-2x fa-envelope\"><\/i> <a href=\"mailto:epeq@ict.ufvjm.edu.br\"><strong>epeq@ict.ufvjm.edu.br<\/strong><\/a>  <br><i class=\"far fa-2x fa-user\"><\/i> <strong><a rel=\"noreferrer noopener\" aria-label=\"Anamaria de Oliveira Cardoso (abre numa nova aba)\" href=\"mailto:anamaria.cardoso@ict.ufvjm.edu.br\" target=\"_blank\">Profa. Anamaria de Oliveira Cardoso<\/a><\/strong> <em>(Coordenadora do Projeto)<\/em><br><a rel=\"noreferrer noopener\" href=\"http:\/\/facebook.com\/epeq.ufvjm\" target=\"_blank\"><br><\/a><i class=\"fas fa-2x fa-map-marker-alt\"><\/i> Sala 03 do Pr\u00e9dio Administrativo 2 (em frente ao pr\u00e9dio do ICT).  Campus JK &#8211;  Rodovia MGT 367 &#8211; Km 583, n\u00ba 5.000. Alto da Jacuba. Diamantina-MG. CEP: 39100-000.<\/p>\n\n\n\n<figure class=\"wp-block-image\"><img loading=\"lazy\" decoding=\"async\" width=\"1024\" height=\"683\" src=\"https:\/\/www4.ict.ufvjm.edu.br\/wp-content\/uploads\/2019\/09\/IMG_3941-1024x683.jpg\" alt=\"\" class=\"wp-image-1463\" srcset=\"https:\/\/www.ict.ufvjm.edu.br\/wp-content\/uploads\/2019\/09\/IMG_3941-1024x683.jpg 1024w, https:\/\/www.ict.ufvjm.edu.br\/wp-content\/uploads\/2019\/09\/IMG_3941-300x200.jpg 300w, https:\/\/www.ict.ufvjm.edu.br\/wp-content\/uploads\/2019\/09\/IMG_3941-768x512.jpg 768w\" sizes=\"auto, (max-width: 1024px) 100vw, 1024px\" \/><figcaption class=\"wp-element-caption\">Membros Estudantes EPEQ &#8211; 2019<br> ICT\/UFVJM &#8211; Diamantina-MG<\/figcaption><\/figure>\n","protected":false},"excerpt":{"rendered":"<p>A Escola Piloto de Engenharia Qu\u00edmica (EPEQ) da Universidade Federal dos Vales do Jequitinhonha e Mucuri (UFVJM) \u00e9 um projeto de ensino registrado na Pr\u00f3-Reitoria de Gradua\u00e7\u00e3o (Prograd) e vinculada ao curso de Engenharia Qu\u00edmica do Instituto de Ci\u00eancia e Tecnologia (ICT), direcionado a pesquisar, organizar e ministrar cursos de aperfei\u00e7oamento e atividades que complementem [&hellip;]<\/p>\n","protected":false},"author":2,"featured_media":0,"parent":332,"menu_order":120,"comment_status":"closed","ping_status":"closed","template":"","meta":{"_exactmetrics_skip_tracking":false,"_exactmetrics_sitenote_active":false,"_exactmetrics_sitenote_note":"","_exactmetrics_sitenote_category":0,"footnotes":""},"class_list":["post-1462","page","type-page","status-publish","hentry"],"_links":{"self":[{"href":"https:\/\/www.ict.ufvjm.edu.br\/index.php?rest_route=\/wp\/v2\/pages\/1462","targetHints":{"allow":["GET"]}}],"collection":[{"href":"https:\/\/www.ict.ufvjm.edu.br\/index.php?rest_route=\/wp\/v2\/pages"}],"about":[{"href":"https:\/\/www.ict.ufvjm.edu.br\/index.php?rest_route=\/wp\/v2\/types\/page"}],"author":[{"embeddable":true,"href":"https:\/\/www.ict.ufvjm.edu.br\/index.php?rest_route=\/wp\/v2\/users\/2"}],"replies":[{"embeddable":true,"href":"https:\/\/www.ict.ufvjm.edu.br\/index.php?rest_route=%2Fwp%2Fv2%2Fcomments&post=1462"}],"version-history":[{"count":87,"href":"https:\/\/www.ict.ufvjm.edu.br\/index.php?rest_route=\/wp\/v2\/pages\/1462\/revisions"}],"predecessor-version":[{"id":6156,"href":"https:\/\/www.ict.ufvjm.edu.br\/index.php?rest_route=\/wp\/v2\/pages\/1462\/revisions\/6156"}],"up":[{"embeddable":true,"href":"https:\/\/www.ict.ufvjm.edu.br\/index.php?rest_route=\/wp\/v2\/pages\/332"}],"wp:attachment":[{"href":"https:\/\/www.ict.ufvjm.edu.br\/index.php?rest_route=%2Fwp%2Fv2%2Fmedia&parent=1462"}],"curies":[{"name":"wp","href":"https:\/\/api.w.org\/{rel}","templated":true}]}}